{"id":264,"date":"2012-01-26T10:19:42","date_gmt":"2012-01-26T09:19:42","guid":{"rendered":"http:\/\/art.isan.fr\/?page_id=264"},"modified":"2017-05-10T14:58:56","modified_gmt":"2017-05-10T13:58:56","slug":"realisations","status":"publish","type":"page","link":"http:\/\/art.isan.fr\/?page_id=264","title":{"rendered":"Quelques exemples des mes r\u00e9alisations"},"content":{"rendered":"<h1><\/h1>\n<figure id=\"attachment_986\" aria-describedby=\"caption-attachment-986\" style=\"width: 747px\" class=\"wp-caption alignnone\"><a href=\"http:\/\/art.isan.fr\/wp-content\/uploads\/2017\/04\/image-10.jpeg\"><img loading=\"lazy\" decoding=\"async\" class=\"wp-image-986\" src=\"http:\/\/art.isan.fr\/wp-content\/uploads\/2017\/04\/image-10.jpeg\" alt=\"\" width=\"747\" height=\"1000\" \/><\/a><figcaption id=\"caption-attachment-986\" class=\"wp-caption-text\">L&rsquo;ART.isan : statut dans une niche r\u00e9alis\u00e9e en b\u00e9ton cir\u00e9 liss\u00e9<\/figcaption><\/figure>\n<figure id=\"attachment_991\" aria-describedby=\"caption-attachment-991\" style=\"width: 1000px\" class=\"wp-caption alignnone\"><a href=\"http:\/\/art.isan.fr\/wp-content\/uploads\/2017\/04\/image-15.jpeg\"><img loading=\"lazy\" decoding=\"async\" class=\"wp-image-991\" src=\"http:\/\/art.isan.fr\/wp-content\/uploads\/2017\/04\/image-15.jpeg\" alt=\"\" width=\"1000\" height=\"630\" \/><\/a><figcaption id=\"caption-attachment-991\" class=\"wp-caption-text\">L&rsquo;ART.isan : banc suspendu en b\u00e9ton cir\u00e9 liss\u00e9<\/figcaption><\/figure>\n<figure style=\"width: 1000px\" class=\"wp-caption alignnone\"><a href=\"http:\/\/art.isan.fr\/wp-content\/uploads\/2017\/04\/image-14.jpeg\"><img loading=\"lazy\" decoding=\"async\" class=\"wp-image-990\" src=\"http:\/\/art.isan.fr\/wp-content\/uploads\/2017\/04\/image-14.jpeg\" alt=\"\" width=\"1000\" height=\"750\" \/><\/a><figcaption class=\"wp-caption-text\">L&rsquo;ART.isan : cadre de lit en b\u00e9ton cir\u00e9 liss\u00e9<\/figcaption><\/figure>\n<figure id=\"attachment_994\" aria-describedby=\"caption-attachment-994\" style=\"width: 1000px\" class=\"wp-caption alignnone\"><a href=\"http:\/\/art.isan.fr\/wp-content\/uploads\/2017\/04\/image-16.jpeg\"><img loading=\"lazy\" decoding=\"async\" class=\"wp-image-994\" src=\"http:\/\/art.isan.fr\/wp-content\/uploads\/2017\/04\/image-16.jpeg\" alt=\"\" width=\"1000\" height=\"750\" \/><\/a><figcaption id=\"caption-attachment-994\" class=\"wp-caption-text\">L&rsquo;ART.isan : ensemble de salle de bain en b\u00e9ton cir\u00e9 liss\u00e9 ( tablier, cr\u00e9dence, meuble vasque et sol )<\/figcaption><\/figure>\n<figure id=\"attachment_998\" aria-describedby=\"caption-attachment-998\" style=\"width: 1000px\" class=\"wp-caption alignnone\"><a href=\"http:\/\/art.isan.fr\/wp-content\/uploads\/2017\/04\/image-17.jpeg\"><img loading=\"lazy\" decoding=\"async\" class=\"wp-image-998\" src=\"http:\/\/art.isan.fr\/wp-content\/uploads\/2017\/04\/image-17.jpeg\" alt=\"\" width=\"1000\" height=\"747\" \/><\/a><figcaption id=\"caption-attachment-998\" class=\"wp-caption-text\">L&rsquo;ART.isan : salle de bain en b\u00e9ton cir\u00e9 liss\u00e9 ( sol, murs, meuble vasque et douche )<\/figcaption><\/figure>\n<figure id=\"attachment_999\" aria-describedby=\"caption-attachment-999\" style=\"width: 747px\" class=\"wp-caption alignnone\"><a href=\"http:\/\/art.isan.fr\/wp-content\/uploads\/2017\/04\/image-18.jpeg\"><img loading=\"lazy\" decoding=\"async\" class=\"wp-image-999\" src=\"http:\/\/art.isan.fr\/wp-content\/uploads\/2017\/04\/image-18.jpeg\" alt=\"\" width=\"747\" height=\"1000\" \/><\/a><figcaption id=\"caption-attachment-999\" class=\"wp-caption-text\">L&rsquo;ART.isan : escalier en colima\u00e7on sur 3 \u00e9tages en b\u00e9ton cir\u00e9 liss\u00e9<\/figcaption><\/figure>\n","protected":false},"excerpt":{"rendered":"","protected":false},"author":1,"featured_media":0,"parent":0,"menu_order":0,"comment_status":"closed","ping_status":"closed","template":"","meta":{"footnotes":""},"class_list":["post-264","page","type-page","status-publish","hentry"],"_links":{"self":[{"href":"http:\/\/art.isan.fr\/index.php?rest_route=\/wp\/v2\/pages\/264","targetHints":{"allow":["GET"]}}],"collection":[{"href":"http:\/\/art.isan.fr\/index.php?rest_route=\/wp\/v2\/pages"}],"about":[{"href":"http:\/\/art.isan.fr\/index.php?rest_route=\/wp\/v2\/types\/page"}],"author":[{"embeddable":true,"href":"http:\/\/art.isan.fr\/index.php?rest_route=\/wp\/v2\/users\/1"}],"replies":[{"embeddable":true,"href":"http:\/\/art.isan.fr\/index.php?rest_route=%2Fwp%2Fv2%2Fcomments&post=264"}],"version-history":[{"count":16,"href":"http:\/\/art.isan.fr\/index.php?rest_route=\/wp\/v2\/pages\/264\/revisions"}],"predecessor-version":[{"id":1428,"href":"http:\/\/art.isan.fr\/index.php?rest_route=\/wp\/v2\/pages\/264\/revisions\/1428"}],"wp:attachment":[{"href":"http:\/\/art.isan.fr\/index.php?rest_route=%2Fwp%2Fv2%2Fmedia&parent=264"}],"curies":[{"name":"wp","href":"https:\/\/api.w.org\/{rel}","templated":true}]}}

Quelques exemples des mes réalisations

<h1></h1>
<figure id="attachment_986" aria-describedby="caption-attachment-986" style="width: 747px" class="wp-caption alignnone"><a href="http://art.isan.fr/wp-content/uploads/2017/04/image-10.jpeg"><img loading="lazy" decoding="async" class="wp-image-986" src="http://art.isan.fr/wp-content/uploads/2017/04/image-10.jpeg" alt="" width="747" height="1000" /></a><figcaption id="caption-attachment-986" class="wp-caption-text">L&rsquo;ART.isan : statut dans une niche réalisée en béton ciré lissé</figcaption></figure>
<figure id="attachment_991" aria-describedby="caption-attachment-991" style="width: 1000px" class="wp-caption alignnone"><a href="http://art.isan.fr/wp-content/uploads/2017/04/image-15.jpeg"><img loading="lazy" decoding="async" class="wp-image-991" src="http://art.isan.fr/wp-content/uploads/2017/04/image-15.jpeg" alt="" width="1000" height="630" /></a><figcaption id="caption-attachment-991" class="wp-caption-text">L&rsquo;ART.isan : banc suspendu en béton ciré lissé</figcaption></figure>
<figure style="width: 1000px" class="wp-caption alignnone"><a href="http://art.isan.fr/wp-content/uploads/2017/04/image-14.jpeg"><img loading="lazy" decoding="async" class="wp-image-990" src="http://art.isan.fr/wp-content/uploads/2017/04/image-14.jpeg" alt="" width="1000" height="750" /></a><figcaption class="wp-caption-text">L&rsquo;ART.isan : cadre de lit en béton ciré lissé</figcaption></figure>
<figure id="attachment_994" aria-describedby="caption-attachment-994" style="width: 1000px" class="wp-caption alignnone"><a href="http://art.isan.fr/wp-content/uploads/2017/04/image-16.jpeg"><img loading="lazy" decoding="async" class="wp-image-994" src="http://art.isan.fr/wp-content/uploads/2017/04/image-16.jpeg" alt="" width="1000" height="750" /></a><figcaption id="caption-attachment-994" class="wp-caption-text">L&rsquo;ART.isan : ensemble de salle de bain en béton ciré lissé ( tablier, crédence, meuble vasque et sol )</figcaption></figure>
<figure id="attachment_998" aria-describedby="caption-attachment-998" style="width: 1000px" class="wp-caption alignnone"><a href="http://art.isan.fr/wp-content/uploads/2017/04/image-17.jpeg"><img loading="lazy" decoding="async" class="wp-image-998" src="http://art.isan.fr/wp-content/uploads/2017/04/image-17.jpeg" alt="" width="1000" height="747" /></a><figcaption id="caption-attachment-998" class="wp-caption-text">L&rsquo;ART.isan : salle de bain en béton ciré lissé ( sol, murs, meuble vasque et douche )</figcaption></figure>
<figure id="attachment_999" aria-describedby="caption-attachment-999" style="width: 747px" class="wp-caption alignnone"><a href="http://art.isan.fr/wp-content/uploads/2017/04/image-18.jpeg"><img loading="lazy" decoding="async" class="wp-image-999" src="http://art.isan.fr/wp-content/uploads/2017/04/image-18.jpeg" alt="" width="747" height="1000" /></a><figcaption id="caption-attachment-999" class="wp-caption-text">L&rsquo;ART.isan : escalier en colimaçon sur 3 étages en béton ciré lissé</figcaption></figure>
